factor of 44 and d?
4
Let j = -5 + 8. Suppose -z + 4 = -p, j*z + 2*z + 5*p = -10. Let q be 26/2 - 0/z. What is the greatest common factor of q and 91?
13
Suppose d + 54 = 3*u, 2 = -4*u - 4*d + 58. Suppose -2*q + 5*q + 222 = 0. Let g = q + 142. Calculate the highest common factor of g and u.
17
Let q(l) = l**2 - 1. Let b be q(-2). Suppose n + 4 = b*n. Suppose 0 = n*g + g - 9. What is the highest common divisor of g and 15?
3
Let z be (-1)/2 - 155/(-2). Suppose 2*d = d + 4. Suppose -d*k + k + 21 = 0. Calculate the highest common divisor of z and k.
7
Let y(v) = 6*v**3 + 1 + 2*v - 3 + 2*v + 0*v - 3*v**2. Let n be y(-4). Let c be 2/(-7) - n/7. Calculate the highest common factor of c and 16.
16
Suppose -3*m = -m - 6. What is the greatest common factor of 21 and m?
3
Let n(b) = 4*b**2 - 5*b + b**3 - 2*b**3 + b**3 + b**3. Let w be n(-4). Calculate the highest common divisor of w and 30.
10
Let v be ((-6)/8*2)/((-3)/16). Calculate the highest common factor of v and 24.
8
Let i be (44 - -1) + (-2 - -6). Calculate the greatest common factor of 7 and i.
7
Let j be (-1314)/(-33) - 2/(-11). Calculate the greatest common divisor of j and 5.
5
Let h(z) = -2*z**3 - 10*z**2 - 5*z + 5. Let j be h(-5). Suppose 0 = 3*o - 0*o - 540. Calculate the greatest common factor of o and j.
30
Let w be 122/14 - (-30)/105. Calculate the highest common divisor of w and 9.
9
Let o = -13 - -15. Calculate the greatest common factor of 22 and o.
2
Let o = 0 + 9. Let b = -34 + o. Let j = -16 - b. What is the highest common divisor of 36 and j?
9
Let b(h) be the third derivative of -h**4/24 + 29*h**3/6 + 9*h**2. Let w be b(0). Calculate the greatest common factor of w and 261.
29
Let i = 315 + -79. Let f = -156 + i. Calculate the greatest common factor of 16 and f.
16
Suppose 14 + 22 = 3*q. Suppose -5*b + 363 - 73 = -5*r, 52 = b - 4*r. Calculate the highest common divisor of b and q.
12
Suppose 45 + 227 = 8*d. What is the greatest common factor of 374 and d?
34
Let j(k) = -k**3 + 3*k**2 - 2*k + 2. Let z be j(2). Let v(p) = 3*p**3 - 4*p**2 + 4*p - 2. Let o be v(z). Calculate the greatest common divisor of o and 21.
7
Let y = 0 + 2. Let l(d) = d**3 + 6*d**2 - 10*d - 5. Let c be l(-7). Let k = c - y. Calculate the highest common factor of 7 and k.
7
Let b(m) = 3*m**2 + m - 4. Let v(w) = -4*w - 1. Let f be v(-1). Let k be b(f). What is the highest common divisor of 65 and k?
13
Suppose -4*v + 67 = -109. Suppose 1 + 1 = 2*c - 3*x, -5*c - 3*x + 26 = 0. Calculate the greatest common factor of c and v.
4
Let q = -38 + 58. What is the highest common factor of q and 5?
5
Let o(m) = -m - 6. Let l be o(-7). Calculate the greatest common factor of 4 and l.
1
Let f(q) = 59*q. Let h be f(1). Let c = h - 29. Suppose 225 = -2*t + 7*t. What is the greatest common divisor of t and c?
15
Let m be (-1)/(-4) + 15/20. Let x be 1 + -2 + 3 + m. Suppose x*c = 11 - 2. Calculate the greatest common factor of c and 2.
1
Suppose -4*x = -110 - 18. What is the greatest common factor of x and 8?
8
Suppose 5 + 0 = 5*i. Let d be i*(3 + -3) - -3. Calculate the highest common factor of d and 3.
3
Suppose -2*h - 10 = -7*h. Suppose 6 = -4*z + 2*l + 4, -h*z = -5*l - 3. Let j be (z + 2)/(1/11). Calculate the greatest common divisor of 1 and j.
1
Suppose -2*v + 3*l - l = -16, 5*l + 10 = 0. What is the highest common factor of v and 15?
3
Let c be 6390/55 + 0 - (-6)/(-33). What is the greatest common factor of 29 and c?
29
Let d = -22 + 23. What is the greatest common factor of 2 and d?
1
Let r(l) = 5*l**2 - l + 2. Let k be r(-3). Suppose u = 4*h + 17, u - 10 = 3*h + 9. What is the highest common divisor of k and u?
25
Let h = 0 - -1. Let s = 0 + h. Suppose 4*c + 5*r = 10, -c + 2*c - 4*r = 13. What is the greatest common divisor of c and s?
1
Let l = -9 + 28. Suppose 0*k = -7*k + 133. What is the highest common factor of l and k?
19
Suppose 5*s = 0, 0 = -6*t + 3*t + 5*s + 147. What is the greatest common factor of t and 14?
7
Let l = 37 - 19. Suppose -3*a - 6 = -3*x, -2*x - 2*a = x - 26. What is the highest common factor of x and l?
6
Let g = 12 + -8. Let m be 2/(-1*4/(-2)). What is the highest common divisor of g and m?
1
Let c be 10*4/16*4. Suppose 3*j - c = j. What is the highest common divisor of 25 and j?
5
Let m be (-31)/(-62)*((1 - 0) + 1). Calculate the highest common factor of 4 and m.
1
Let p = -11 - -16. Suppose -p*u + 2*j = 32 - 202, -2*u - 5*j = -97. Calculate the greatest common factor of 9 and u.
9
Let j be 1/((-2)/6*-1). Calculate the highest common factor of 15 and j.
3
Let q be (-3)/2*-2 - -3. Let i = 19 + -10. What is the highest common factor of q and i?
3
Let c be (8/((-16)/6))/((-6)/200). What is the greatest common factor of c and 20?
20
Let i(t) = -46*t - 5. Let r be i(4). Let c = r + 299. Calculate the greatest common factor of c and 10.
10
Suppose -d - 3*v + 184 = 0, 3*d = -2*v + 3*v + 592. Calculate the greatest common factor of 28 and d.
28
Let l = 3 - 6. Let r be (-3)/6 + l/(-6). Suppose r = c - 3 - 8. What is the highest common divisor of 55 and c?
11
Let k = 88 + -50. Suppose -2*q + 2*c + 186 = 0, -2*q + 291 = q + 3*c. What is the highest common divisor of k and q?
19
Suppose x - 11 - 79 = 0. What is the greatest common divisor of 36 and x?
18
Suppose 2 = -y, y = i - 1 - 11. Calculate the greatest common factor of 10 and i.
10
Let r be 14/(3/((-12)/8)). Let g = 16 + r. Calculate the highest common factor of 6 and g.
3
Let f be 3*-1 - (-257 + 6). What is the greatest common factor of f and 31?
31
Let f = -7 - -16. Let a(p) = -55*p - 41*p + f*p + 2. Let y be a(-2). Calculate the highest common factor of y and 16.
16
Suppose 0 = 9*j - 0*j - 252. What is the highest common factor of j and 70?
14
Let j be ((-184)/(-69))/((-4)/(-6)). Calculate the greatest common factor of j and 2.
2
Let s(d) = 4*d + 1. Let y be s(1). What is the greatest common divisor of 15 and y?
5
Let n = 47 + -28. Let y = n - 17. Let g = 8 + 6. Calculate the greatest common divisor of y and g.
2
Let c be (-4)/(-18) + (-237)/(-27). Let o be (-3)/c - (-127)/3. Suppose 3*j = 5*b - 152, 6*b + 4*j = b + 124. Calculate the greatest common factor of o and b.
14
Let y = -15 + 21. Suppose 4*h + 5*x = -13, -2*x - 24 = -3*h + x. What is the highest common divisor of h and y?
3
Let t = -4 + 19. What is the highest common factor of 105 and t?
15
Let r = -25 + 55. Suppose -5*s = 2*v - r, 4*s = -4*v + 3*v + 15. Let f = 7 + -1. Calculate the highest common divisor of f and v.
3
Let a(m) = 15*m**3 + m**2 - 4*m - 4. Let o be a(2). What is the greatest common factor of 14 and o?
14
Let u = -29 + 32. Calculate the greatest common factor of 12 and u.
3
Let p = -49 - -94. Calculate the greatest common factor of 5 and p.
5
Suppose -5*h = -0*h - 100. Let n be -3 - 1 - (-19 + 7). Calculate the greatest common factor of n and h.
4
Let l = 13 - -3. Calculate the highest common divisor of 48 and l.
16
Let v(m) = m**2 - 13*m + 30. Let s be v(13). Let h(d) = -d**3 + 4*d**2 - 2*d + 2. Let p be h(2). What is the greatest common divisor of s and p?
6
Let i be 24 - (1 + -1 + 0). Let s = i - 17. What is the greatest common divisor of 35 and s?
7
Let q(f) = -f**2 + 11*f - 8. Suppose -4*z - 3*l = -z - 33, 5*l = -2*z + 28. Let c be q(z). Let n = 10 + -5. What is the highest common factor of c and n?
5
Suppose t = 3*u - t - 86, 64 = 2*u + 2*t. Calculate the greatest common factor of u and 24.
6
Let n(g) = 2*g**2 + 2*g - 1. Let x be n(1). Let i = 4 - x. What is the highest common divisor of 7 and i?
1
Let z be (-6)/(-8)*(-1 - -9). Calculate the greatest common divisor of 30 and z.
6
Suppose 15*p - 477 = 63. Suppose b + 1 = 5*a, -5*b + 3*a = -0*b - 39. What is the greatest common factor of p and b?
9
Let r be (-8)/(-12) - 534/(-9). What is the greatest common factor of r and 12?
12
Let o = 0 - -12. Suppose -5*w + 82 + 22 = 4*d, 0 = -5*w + 3*d + 132. Let g be (-150)/(-4) - w/16. Calculate the greatest common factor of g and o.
12
Suppose 0*b - 4*b + 8 = 0. Suppose -b*d - 6 = -24. Calculate the greatest common divisor of d and 27.
9
Suppose 4*i - 54 = -p - p, 2*i = 5*p + 45. Suppose -o + 2*o - 10 = 0. What is the greatest common factor of i and o?
5
Let t(u) = 7*u**2 - 3*u + 1. Let i be t(3). Suppose 2*s - 3*s = -22. Calculate the highest common divisor of s and i